{"id":265,"date":"2024-09-26T21:08:53","date_gmt":"2024-09-26T21:08:53","guid":{"rendered":"https:\/\/hosteriapuertopalos.com.ar\/site\/?page_id=265"},"modified":"2024-09-26T21:43:53","modified_gmt":"2024-09-26T21:43:53","slug":"hosteria-puerto-palos-puerto-piramides-chubut","status":"publish","type":"page","link":"https:\/\/hosteriapuertopalos.com.ar\/site\/?page_id=265","title":{"rendered":"Hosteria Puerto Palos &#8211; Puerto Piramides CHUBUT"},"content":{"rendered":"\n\n\n\n\n\n\n\n","protected":false},"excerpt":{"rendered":"","protected":false},"author":2,"featured_media":0,"parent":0,"menu_order":0,"comment_status":"closed","ping_status":"closed","template":"page-hosteria-puerto-palos-puerto-piramides-chubut-template","meta":{"saved_in_kubio":true,"footnotes":""},"class_list":["post-265","page","type-page","status-publish","hentry"],"kubio_ai_page_context":{"short_desc":"Cada hu\u00e9sped que nos visita, es nuestro invitado!\nNuestro equipo, atento a sus necesidades, estar\u00e1 disponible para brindar informaci\u00f3n acerca del clima, las excursiones, senderos y actividades a realizar en nuestra localidad. Elegir qu\u00e9 hacer con el asesoramiento de un buen anfitri\u00f3n podr\u00e1 transformar un d\u00eda en Puerto Pir\u00e1mides en una experiencia \u00fanica e inolvidable.\n\nAdem\u00e1s de nuestra atenci\u00f3n personalizada, el lugar, brinda todos los servicios que nuestros hu\u00e9spedes necesitan para una estad\u00eda perfecta c\u00f3moda y relajante","purpose":"about","isFrontPage":false},"_links":{"self":[{"href":"https:\/\/hosteriapuertopalos.com.ar\/site\/index.php?rest_route=\/wp\/v2\/pages\/265","targetHints":{"allow":["GET"]}}],"collection":[{"href":"https:\/\/hosteriapuertopalos.com.ar\/site\/index.php?rest_route=\/wp\/v2\/pages"}],"about":[{"href":"https:\/\/hosteriapuertopalos.com.ar\/site\/index.php?rest_route=\/wp\/v2\/types\/page"}],"author":[{"embeddable":true,"href":"https:\/\/hosteriapuertopalos.com.ar\/site\/index.php?rest_route=\/wp\/v2\/users\/2"}],"replies":[{"embeddable":true,"href":"https:\/\/hosteriapuertopalos.com.ar\/site\/index.php?rest_route=%2Fwp%2Fv2%2Fcomments&post=265"}],"version-history":[{"count":3,"href":"https:\/\/hosteriapuertopalos.com.ar\/site\/index.php?rest_route=\/wp\/v2\/pages\/265\/revisions"}],"predecessor-version":[{"id":286,"href":"https:\/\/hosteriapuertopalos.com.ar\/site\/index.php?rest_route=\/wp\/v2\/pages\/265\/revisions\/286"}],"wp:attachment":[{"href":"https:\/\/hosteriapuertopalos.com.ar\/site\/index.php?rest_route=%2Fwp%2Fv2%2Fmedia&parent=265"}],"curies":[{"name":"wp","href":"https:\/\/api.w.org\/{rel}","templated":true}]}}